ase 8?
-71
What is -2 (base 14) in base 2?
-10
What is -1 (base 14) in base 12?
-1
-5 (base 12) to base 9
-5
What is -1 (base 7) in base 15?
-1
20 (base 3) to base 6
10
Convert 403 (base 9) to base 15.
16c
54 (base 9) to base 11
45
-5 (base 7) to base 15
-5
What is 2 (base 15) in base 2?
10
What is 30 (base 10) in base 8?
36
12 (base 4) to base 9
6
5 (base 11) to base 16
5
What is -3b (base 16) in base 12?
-4b
Convert 1 (base 2) to base 5.
1
What is -23 (base 7) in base 14?
-13
24 (base 6) to base 8
20
Convert -10 (base 2) to base 16.
-2
What is -d (base 16) in base 14?
-d
Convert -132 (base 4) to base 3.
-1010
Convert -1000 (base 2) to base 14.
-8
What is 33 (base 4) in base 5?
30
Convert -22 (base 7) to base 15.
-11
What is 92 (base 11) in base 10?
101
Convert 19 (base 10) to base 12.
17
Convert -131 (base 4) to base 16.
-1d
What is -22 (base 5) in base 9?
-13
16 (base 9) to base 8
17
What is -156 (base 10) in base 12?
-110
Convert -33 (base 11) to base 12.
-30
What is 211 (base 4) in base 14?
29
2 (base 11) to base 14
2
What is -18 (base 15) in base 9?
-25
Convert 3 (base 4) to base 13.
3
Convert 1 (base 16) to base 5.
1
3 (base 8) to base 5
3
1 (base 9) to base 16
1
Convert 7 (base 13) to base 2.
111
235 (base 6) to base 15
65
0 (base 16) to base 11
0
Convert -2 (base 14) to base 3.
-2
Convert -8 (base 16) to base 15.
-8
What is 12 (base 16) in base 3?
200
Convert -d8 (base 15) to base 12.
-14b
What is 1f (base 16) in base 14?
23
-53 (base 11) to base 14
-42
Convert 1a (base 11) to base 12.
19
Convert -1 (base 13) to base 8.
-1
Convert 1 (base 14) to base 16.
1
3 (base 6) to base 9
3
What is -2 (base 8) in base 10?
-2
3 (base 11) to base 16
3
-11101 (base 2) to base 12
-25
What is 178 (base 9) in base 3?
12122
What is -16 (base 8) in base 10?
-14
Convert 13 (base 13) to base 7.
22
What is 80 (base 9) in base 16?
48
What is -3 (base 14) in base 3?
-10
What is 4 (base 5) in base 13?
4
Convert 524 (base 6) to base 16.
c4
Convert -141 (base 6) to base 7.
-115
-2 (base 4) to base 9
-2
-3 (base 5) to base 3
-10
What is -16 (base 7) in base 11?
-12
Convert -2ba (base 12) to base 4.
-12232
-11110011 (base 2) to base 14
-135
What is -23 (base 5) in base 7?
-16
Convert 0 (base 12) to base 15.
0
What is 1ab (base 13) in base 8?
466
-100 (base 11) to base 15
-81
51 (base 10) to base 16
33
Convert -79 (base 14) to base 4.
-1223
Convert 3 (base 7) to base 2.
11
Convert 411 (base 5) to base 15.
71
What is 4 (base 9) in base 15?
4
Convert 1011 (base 5) to base 16.
83
What is 1 (base 4) in base 9?
1
-1 (base 8) to base 9
-1
210 (base 11) to base 7
511
What is 40 (base 8) in base 15?
22
Convert -21 (base 10) to base 14.
-17
What is 127 (base 13) in base 12?
14a
What is 2 (base 9) in base 4?
2
What is -3 (base 7) in base 13?
-3
What is 56 (base 7) in base 3?
1112
142 (base 6) to base 16
3e
2 (base 4) to base 12
2
What is 1 (base 11) in base 4?
1
What is -212 (base 3) in base 10?
-23
Convert -2 (base 12) to base 15.
-2
What is -11 (base 10) in base 4?
-23
Convert 2 (base 15) to base 13.
2
Convert -54 (base 10) to base 5.
-204
130 (base 4) to base 11
26
Convert -123 (base 9) to base 7.
-204
200 (base 8) to base 12
a8
What is -77 (base 12) in base 2?
-1011011
What is -228 (base 11) in base 9?
-332
Convert -64 (base 15) to base 16.
-5e
What is -2 (base 7) in base 14?
-2
What is -176 (base 12) in base 4?
-3222
-7 (base 14) to base 2
-111
Convert 3 (base 14) to base 10.
3
What is 3 (base 4) in base 7?
3
What is 2 (base 13) in base 15?
2
Convert -226 (base 7) to base 9.
-141
What is 11010 (base 2) in base 3?
222
Convert 1012 (base 3) to base 13.
26
Convert -10000 (base 2) to base 9.
-17
5 (base 10) to base 6
5
What is 1222 (base 4) in base 8?
152
-21 (base 7) to base 10
-15
What is -10 (base 3) in base 7?
-3
What is 51 (base 13) in base 11?
60
-2c (base 13) to base 5
-123
What is -146 (base 7) in base 3?
-10002
What is -5 (base 8) in base 2?
-101
Convert -11 (base 7) to base 6.
-12
What is 11 (base 2) in base 14?
3
What is b (base 12) in base 3?
102
-88 (base 9) to base 10
-80
What is 22 (base 8) in base 5?
33
-22 (base 15) to base 10
-32
-4 (base 10) to base 4
-10
Convert -5 (base 12) to base 3.
-12
What is 26 (base 13) in base 5?
112
Convert -131 (base 5) to base 3.
-1112
Convert 25 (base 10) to base 12.
21
Convert 2 (base 10) to base 2.
10
Convert -13 (base 6) to base 14.
-9
What is 1 (base 12) in base 6?
1
Convert -1 (base 11) to base 8.
-1
What is 16 (base 15) in base 3?
210
-3 (base 9) to base 14
-3
What is 144 (base 7) in base 13?
63
-10102 (base 3) to base 10
-92
-95 (base 11) to base 9
-125
Convert -1010 (base 3) to base 4.
-132
Convert -5 (base 14) to base 10.
-5
Convert 187 (base 9) to base 10.
160
Convert 38 (base 9) to base 14.
27
What is 25 (base 9) in base 5?
43
What is -8 (base 14) in base 16?
-8
b (base 13) to base 4
23
Convert 4 (base 10) to base 13.
4
3 (base 5) to base 2
11
-25 (base 10) to base 6
-41
2e (base 16) to base 10
46
Convert -11001 (base 2) to base 10.
-25
1 (base 2) to base 13
1
Convert -3 (base 16) to base 5.
-3
Convert -1 (base 5) to base 12.
-1
Convert -1 (base 3) to base 12.
-1
1 (base 13) to base 8
1
Convert -1 (base 9) to base 11.
-1
Convert -22 (base 4) to base 16.
-a
8 (base 9) to base 7
11
Convert -100000 (base 2) to base 9.
-35
What is -76 (base 14) in base 16?
-68
Convert 48 (base 10) to base 8.
60
Convert 1 (base 7) to base 4.
1
What is -10 (base 5) in base 7?
-5
-2201 (base 3) to base 14
-53
What is -22 (base 7) in base 10?
-16
Convert 10021 (base 3) to base 10.
88
5 (base 15) to base 10
5
-21 (base 6) to base 13
-10
2 (base 9) to base 3
2
Convert 214 (base 6) to base 5.
312
What is -81 (base 13) in base 2?
-1101001
What is -11 (base 3) in base 7?
-4
Convert -132 (base 9) to base 8.
-156
-100222 (base 3) to base 11
-225
What is -510 (base 7) in base 5?
-2002
What is 111 (base 2) in base 14?
7
Convert 110010 (base 2) to base 15.
35
Convert 170 (base 8) to base 12.
a0
What is 101011 (base 2) in base 13?
34
Convert -a4 (base 14) to base 2.
-10010000
28 (base 11) to base 2
11110
Convert 10 (base 5) to base 13.
5
2 (base 3) to base 7
2
Convert 1 (base 16) to base 13.
1
What is -1 (base 8) in base 11?
-1
What is -7a (base 16) in base 11?
-101
9 (base 16) to base 7
12
-10 (base 7) to base 5
-12
What is a (base 14) in base 6?
14
What is 11 (base 2) in base 5?
3
What is 101 (base 2) in base 4?
11
0 (base 7) to base 15
0
33 (base 8) to base 16
1b
-1 (base 6) to base 3
-1
Convert -12 (base 3) to base 8.
-5
5 (base 11) to base 10
5
What is -100 (base 3) in base 4?
-21
326 (base 11) to base 3
112111
Convert 7 (base 13) to base 5.
12
What is -111 (base 3) in base 16?
-d
-7 (base 12) to base 5
-12
Convert 0 (base 15) to base 16.
0
What is 236 (base 9) in base 6?
523
-85 (base 10) to base 8
-125
-7 (base 12) to base 3
-21
Convert 1 (base 16) to base 9.
1
Convert -35 (base 8) to base 5.
-104
Convert -d7 (base 16) to base 5.
-1330
What is 5 (base 13) in base 15?
5
Convert 4 (base 16) to base 11.
4
-12 (base 15) to base 3
-122
Convert 9 (base 13) to base 3.
100
What is 1d (base 14) in base 8?
33
Convert 5 (base 16) to base 9.
5
40 (base 11) to base 16
2c
What is -1100 (base 2) in base 4?
-30
What is -4 (base 8) in base 2?
-100
Convert -100 (base 2) to base 6.
-4
110 (base 2) to base 12
6
What is 11 (base 2) in base 3?
10
Convert 2 (base 15) to base 6.
2
What is 0 (base 10) in base 14?
0
Convert -4 (base 7) to base 4.
-10
Convert -153 (base 9) to base 8.
-201
5 (base 12) to base 10
5
12002 (base 3) to base 4
2021
3 (base 8) to base 13
3
What is 14 (base 10) in base 11?
13
0 (base 7) to base 8
0
Convert 4 (base 7) to base 16.
4
Convert -84 (base 9) to base 11.
-6a
Convert 98 (base 15) to base 11.
120
-1 (base 8) to base 16
-1
What is -423 (base 6) in base 13?
-c3
What is -235 (base 10) in base 7?
-454
20 (base 8) to base 6
24
6 (base 7) to base 5
11
What is 3 (base 12) in base 13?
3
Convert 21 (base 6) to base 7.
16
Convert -2 (base 11) to base 6.
-2
Convert -130 (base 6) to base 3.
-2000
3a (base 11) to base 10
43
Convert -38 (base 16) to base 7.
-110
What is -4 (base 13) in base 6?
-4
What is -49 (base 13) in base 6?
-141
Convert 11 (base 3) to base 4.
10
Convert -5 (base 10) to base 13.
-5
What is 456 (base 7) in base 5?
1422
1d (bas